f (-187599)/(-45) + 54/405?
6
Let b(f) = -f**3 - 41*f**2 + 88*f + 585. What is the thousands digit of b(-45)?
4
Let j = -33 + -652. Let d = j + 1952. What is the thousands digit of d?
1
Suppose 6*z - 20 = z. Let s(i) = 3*i**2 + 6 - 1 + z + 2*i + 3*i**2. What is the tens digit of s(-4)?
9
Let m = 32645 - -38185. What is the tens digit of m?
3
Suppose -6*p + 5 + 7 = 0. Let o(k) = -p*k + k - 11 - k + k. What is the units digit of o(-15)?
4
Suppose 0 = 4*w - r - 38991, 672*r - 670*r = -2*w + 19498. What is the thousands digit of w?
9
Let a be 6078/10 + -1*2/(-10). Let r = a + -321. Suppose 2*f - 153 = -3*g + 245, 2*g = 3*f + r. What is the hundreds digit of g?
1
Let s be 26/13 - (-1 + -12). Suppose a = -s*a + 3504. What is the hundreds digit of a?
2
Let y = -19 + 31. Let q be (8/(-6))/(8/y). What is the units digit of 25/(q*((-14)/12 - -1))?
5
Let z(u) be the third derivative of u**4/12 + 2*u**3/3 + 3*u**2. Let h be z(0). Suppose -b + h*b = 54. What is the units digit of b?
8
Let v(s) = -6*s + 33. Let x be ((-4)/(-10))/((-3)/(-180)*-3). Let k be v(x). What is the tens digit of k/(-6)*(-44)/6?
9
Let z = -85259 + 119363. What is the tens digit of z?
0
Let q = 200 + -140. Let z be q/(-45)*(2 - -4). What is the units digit of ((-2)/4)/(z/1248)?
8
Let y = 8150 - -6623. What is the ten thousands digit of y?
1
Suppose 2*l + 1949 = -2*v - 43, -v = 1. Let s = 1583 + l. What is the units digit of s?
8
Suppose 8*h + 271 - 215 = 0. Let u(g) = -g**3 - 2*g**2 + 11*g + 31. What is the hundreds digit of u(h)?
1
Let j(v) = 53*v + 363. What is the units digit of j(7)?
4
Suppose 875714 = -51*q + 122*q. What is the tens digit of q?
3
Suppose -3*q + 80 = 5*q. Let o = q + -6. What is the tens digit of ((-18)/(-15))/(o/240)?
7
Let j = -9531 - -16146. What is the tens digit of j?
1
What is the hundreds digit of 2/34 + 4677750/935?
0
Suppose 4*t = 2*f - 1618, -34*t - 417 = -33*t - 3*f. What is the tens digit of (13 + -15)*(1 + 0) - t?
0
Let h be (1 + 1/2)/(5/4280). Suppose -7*b + 837 = -h. What is the units digit of b?
3
Let q(h) = -h**3 - 2*h**2 + 4*h + 46. Let m be (992/(-80) + 2/5)/1. What is the thousands digit of q(m)?
1
Let x be (-2)/(((-84)/(-102))/(-7)). Let o be (-86)/6*(-1 + -5). Suppose 3*y - 4*g - 67 = 0, 4*y + 15*g - o = x*g. What is the tens digit of y?
2
Let i(n) = -70*n**3 - 2*n**2 + 8*n + 14. Let z be i(-3). Suppose 0 = 12*a - 6970 - z. What is the tens digit of a?
3
Let i(c) = -2501*c + 297. What is the tens digit of i(-4)?
0
Suppose 429 = -49*b + 52*b. Let l = b - 70. What is the tens digit of l?
7
Let y(w) = -w**3 - 21*w**2 - 22*w - 15. Let v be 356/(-18) + (160/72)/(-10). Let d be y(v). Suppose 0*b + b = -5*m + 57, d = -5*m. What is the units digit of b?
2
Let o be 27825/(-30)*(-12)/10. Suppose 2*i - 369 - 749 = -3*q, 3*i = 3*q - o. What is the units digit of q?
2
Let y(f) = -2*f**2 - 47*f - 20. Let n be y(-23). Suppose 0 = n*q + u - 3182, -2*u + 2023 = 3*q - 1164. What is the tens digit of q?
5
Suppose -w = 2*s - 1347, -s - 3*w = s - 1353. Suppose -5*v = -v - s. Suppose x - 5*k = 50, 0 = 4*x - 3*k - k - v. What is the tens digit of x?
4
Suppose 0 = 4*f - 3*j + 17, 4*j = -3*f + 5*f + 16. Let r(l) = -871*l - 68. What is the hundreds digit of r(f)?
6
Let y = 22272 - -6967. What is the thousands digit of y?
9
Suppose 3*l + 4*b - 18576 = 0, 2276 = -5*l - 3*b + 33225. Suppose -12*p = 2*p - l. What is the units digit of p?
2
Let u be ((-6)/(-4)*-4)/(-2). Let i = 798 + -723. Suppose -5*y + 3*o = -198, -i = y - 3*y - u*o. What is the tens digit of y?
3
Let y = 33826 - 22046. What is the hundreds digit of y?
7
Let p be 12*2/(-6)*2. Suppose 5*q = -9 - 21. What is the tens digit of q*(p - -4) + -5?
1
Let r = -196 - -200. Suppose -2*l - 10 = 0, -5*c + l = -r*c - 7. What is the units digit of c?
2
Let x be (-8)/12*-1*(0 + 3). Suppose x*g - 110 = 8*p - 4*p, -2*p - 2*g = 70. What is the units digit of (-54)/(-1) - p/(-15)?
2
Let y be (-2 - 3) + -391 + 2. Let r = -125 - y. What is the units digit of r?
9
Let s = 47 + -37. Let t(v) = -5 - 9 - s + 14*v. What is the units digit of t(20)?
6
Let x(s) = -s**3 - 9*s**2 - 58*s - 954. What is the hundreds digit of x(-18)?
0
Let x be 2/(-6) - 406/(-21). Let v = 23 - x. Suppose -2*g + a = 5*a - 74, -v*g = -2*a - 158. What is the units digit of g?
9
Let u = 22 + 56. Suppose 5*b = -b + u. Let j(r) = r**3 - 13*r**2 + 5*r + 31. What is the tens digit of j(b)?
9
Let k(z) = 2440*z - 6708. What is the tens digit of k(9)?
5
Suppose -4*a = -2*a + 4. Let g(d) = -4*d - 5. Let j be g(a). Suppose -j - 5 = 2*n, 3*i = -4*n + 200. What is the tens digit of i?
7
Let h(r) be the second derivative of 46*r**3 + 177*r**2/2 + 244*r. What is the units digit of h(5)?
7
Let o = 25 - 24. Let h(l) = -136 + 47 + 47 + 44 + 133*l. What is the units digit of h(o)?
5
Let m(z) = 0*z**3 + 1821*z**2 - 3 - 1824*z**2 - 2*z + z**3. Let o be m(4). What is the tens digit of ((158/o)/(-1))/(2/(-5))?
7
Let n(c) = 74*c**3 + 6*c**2 - 7*c + 5. Suppose 0 = 3*s - d + 3 - 11, 0 = 4*d + 8. What is the tens digit of n(s)?
0
Let o be 2/(-15) + ((-35805)/(-225) - -3). Let l = o + 96. What is the units digit of l?
8
Let l = -4 + 9. Suppose 9*g - t - 532 = 4*g, -3*g + 306 = -l*t. Let v = g - 21. What is the units digit of v?
6
Let k = -25 - -27. Suppose -4*t + 19 + 9 = -x, t = k*x + 14. What is the units digit of t?
6
Let l(i) = 140*i**2 + i - 5. Let k(h) = h**3 + 21*h**2 + 17*h - 58. Let w be k(-20). What is the hundreds digit of l(w)?
5
Let d(r) be the second derivative of 95*r**4/3 - r**3/3 - 5*r**2/2 - 3*r + 11. What is the units digit of d(-1)?
7
Let j(s) = 2*s + 11. Let i be j(-5). Let b be (i/(-3))/((-116)/(-24) + -5). Suppose g - b*y - 54 = -y, -y = g - 52. What is the units digit of g?
3
Suppose 103*u - 199*u + 1636800 = 0. What is the thousands digit of u?
7
Let v(w) = -w**3 + 8*w**2 - 4*w - 16. Let d be v(7). What is the tens digit of 268 + d/((-30)/(-24))?
7
Suppose 41*b - 151803 - 736017 = -19*b. What is the thousands digit of b?
4
Let h = -57 + 62. Suppose -5*c - 5*f - 22 - 3 = 0, 5*c - h*f = 25. Suppose c = 14*i - 4*i - 290. What is the units digit of i?
9
Let w(g) be the third derivative of g**4/6 + g**3/6 - 16*g**2. Let k be w(3). Suppose 4*z = 3*s + 193, -165 + k = -3*z - 5*s. What is the tens digit of z?
4
Let t = -27 - -15. What is the tens digit of ((-75)/t - 1)*12?
6
Let z = -31589 - -76842. What is the hundreds digit of z?
2
Suppose -1921 - 1631 = 24*k. Let m be (-6)/(-9)*1*-3. What is the units digit of ((-4)/2)/(m*(-1)/k)?
8
Let v be 1 + -3 + -10 + -2 + -1. Let h = -10 - v. Suppose 2*m + 30 = 2*i, 0*m + 59 = 4*i - h*m. What is the units digit of i?
6
Let u = -25805 - -29497. What is the hundreds digit of u?
6
Let l be -2 + 1 + -1 - 294. Let n(g) = g**2 + 10*g + 43. Let q be n(16). Let y = l + q. What is the tens digit of y?
6
Let k be (-9 + 204/4)/(1 - 2). What is the tens digit of -4 + 7 - 0 - k?
4
Suppose 198*g - 129267 = 189*g. What is the tens digit of g?
6
Suppose -2*f = -764*o + 760*o + 37202, 3*o - 27896 = -4*f. What is the units digit of o?
0
Let o = 174 - 231. Let r = 128 - o. What is the hundreds digit of r?
1
Suppose 2502 = 21*m - 24*m. Let a be -2*1 - m/6. Let j = -61 + a. What is the tens digit of j?
7
Suppose -j - 1893 = -4*j. Suppose -3*c + 581 + j = 0. Suppose 3*v - c = 2*s, 3*v - 7*v + 540 = -3*s. What is the units digit of v?
2
Suppose 16*q = 13*q + 294. Let m = q + 94. What is the units digit of m?
2
Let w be -294*44/14*(-14)/3. Suppose 0 = -5*m - 4*o + 5384, -6*m + 2*o = -10*m + w. What is the hundreds digit of m?
0
Let z(q) be the first derivative of -121*q**2/2 - 74*q - 64. What is the tens digit of z(-8)?
9
Suppose 0 = 11*c - 3*c - 4*c. Let o(d) = -9*d + 494. What is the tens digit of o(c)?
9
Suppose 19*n - 24016 - 12388 = 0. What is the thousands digit of n?
1
Suppose -20*z = -24*z - 16, -3*h + 16916 = -5*z. What is the thousands digit of h?
5
Suppose -11*i + 12*i + 6 = 0. Let t be i/1 + 13 + -1*2. Suppose -75 - t = -f. What is the units digit of f?
0
Suppose 0 = 6*b - 9*b - 66. Let k = -19 - b. Suppose -k*i + 7*i - 156 = 0. What is the units digit of i?
9
What is the tens digit of ((-6268)/(-9))/((-366)/(-1647))?
3
Suppose 2*h + 5*w = 7*h + 12815, 2*w = -10. Let n = -1485 - h. Suppose 0 = 14*s - n - 135. What is the tens digit